
-2
-38 - (-33 + 10) - -26
11
Evaluate 85 - 76 - (-26 + 10).
25
What is the value of 21 - (4 - (11 + -1))?
27
What is the value of 1 - (-9 + 4 - 1 - (2 + 0))?
9
What is 10 + -5 + -5 + 2?
2
Evaluate -5 - ((-48 - -41) + -6 + 0).
8
What is -7 + 13 - (0 - -4 - 5 - -4)?
3
What is the value of 0 - (73 + -75 + 4 + -1 + -6)?
5
-1 - (26 + -39 + -8)
20
-3 - 3 - -3 - (12 + 5 + -42)
22
What is the value of 46 + -53 - (-1 + (-7 - -2))?
-1
What is the value of -4 + 9 + (3 - 24 - -3)?
-13
Evaluate 2 - (-5 + (12 + -3 - -3)).
-5
What is (-3 + (7 - 4) + 2 - 7) + 1?
-4
Evaluate -1 + -1 - -2 - (11 + -3 + -4).
-4
(0 - 20) + 1 + 9 + 0 + -3
-13
8 - (-3 + 11 + -5 - (-3 + 3))
5
-2 - -4 - ((5 - 5) + 2)
0
What is (-10 - (-1 - 8)) + (20 - 28)?
-9
-12 + (-6 - -6) + (-5 - 4) + 10
-11
What is the value of 54 + -26 - (23 + 12)?
-7
Evaluate -42 + 3 + 31 + -2 + (1 - 1).
-10
Calculate (15 - (-13 - -14)) + -6.
8
What is the value of -15 - (7 + -17 + 3)?
-8
4 - 1 - ((18 - 54) + 51) - 9
-21
What is 2 - (7 + -1 + 5)?
-9
Calculate (19 - 1) + (74 - 93).
-1
What is -4 - (-11 + -9 + 16) - (0 + 5)?
-5
(-9 - -3) + (29 + -22 - (1 + -1))
1
Evaluate 12 + -4 - (6 - 16) - (3 + -11).
26
Calculate -2 + (4 - 8 - 2) + -35 + 28.
-15
5 + -29 + 13 + 10
-1
Calculate (-7 - 1) + (-13 + 17 - (14 - 8)).
-10
What is 5 + (2 - 6) - (-11 - -3)?
9
(3 - -5 - (2 - 1)) + 3 + -9
1
-9 + (9 - 5) + (-2 + 3 - -8)
4
Calculate 22 + (-4 - -10) + -40.
-12
Evaluate -110 + 122 - (2 + 0 + -2 + -3).
15
Evaluate -18 + (-22 - -52 - 4).
8
What is 1 + -1 + (-160 - -166) - (0 + 8)?
-2
What is the value of -7 - (-32 + 6 + -9) - (9 - 7)?
26
What is (-11 - (21 - 41)) + 2 + 4?
15
What is the value of -8 + (0 - -2) + 7 + 80 + -98?
-17
What is 11 + (1 - 0) + (-45 - (-40 - -5))?
2
What is 11 - (10 + 18 - 19)?
2
2 + (6 + (15 - 4) + -5 - 6)
8
What is the value of -52 - 8 - -53 - (-1 + 2)?
-8
What is 16 - 9 - 0 - 9?
-2
2 + 1 - (29 + -33 + -10)
17
Evaluate -9 + -6 + 0 + 6 + 6 + -3.
-6
8 + 11 + -10 - (6 - 11)
14
Calculate (0 - -8 - 18) + 20 - 24.
-14
8 + (-19 - (-20 - -15))
-6
What is 182 + -194 + (16 + -4 - -5)?
5
Evaluate -1 + 2 - (14 - (-17 + 29) - 4).
3
What is -10 + (-6 - -17) + -1?
0
What is 0 - -11 - (-41 - -61)?
-9
0 + 13 + -8 + 4 + -4 - -2
7
(31 - (92 + -21)) + 28
-12
Evaluate -3 + (4 - 4) - (-4 - (3 + -8)).
-4
Calculate -1 + (1 - -9) - 16.
-7
What is the value of -1 + 4 + (8 - 1 - 8 - -8)?
10
21 + 14 + -14 - 10
11
-3 - ((10 - (14 + -10)) + -2 + -4)
-3
Evaluate (-6 - -3) + (4 - 1).
0
Calculate 342 + -328 + 0 + -17.
-3
What is -2 + -1 - (55 - 49) - -11?
2
What is the value of -2 + 6 + 362 + -357?
9
What is 20 + -13 + -19 + (0 - 6) - -6?
-12
3 - 0 - (9 + -13) - -5
12
Calculate 6 + 1 + 15 + 8.
30
What is the value of (-3 - 4) + (30 - 29) + 22?
16
Calculate -8 - ((-2 - 26) + 12).
8
What is the value of -10 - (-168 + 173 - (6 + 0))?
-9
Calculate -3 + (-1 + -4 - 6).
-14
10 + 1 + (68 - 159) + 80
0
What is -3 + -3 + (11 - 8) - -7?
4
What is the value of -16 - (-4 - 21) - 0?
9
Calculate 16 - (9 + (30 - 37)).
14
Calculate 1 + (9 - (17 - 5)) - (-6 + 1).
3
-3 - (-1 - (8 + -4) - (-5 - -6))
3
What is 15 + 3 + (-7 - -1 - (-5 + 0))?
17
Evaluate 4 + (-3 - (12 - 18)).
7
16 - 16 - -25 - 20
5
Calculate 4 - 4 - (-1 - 2) - (6 - 3).
0
Calculate -3 + -1 + (2 - ((6 - 5) + 2)).
-5
What is -12 - 5 - -3 - -21?
7
Calculate (-23 - (19 - 33 - -10)) + 7.
-12
Calculate -32 - (-1 + 26 - (99 + -80)).
-38
Calculate -5 + (2 - -2 - (-19 + 30)).
-12
Evaluate -2 - -5 - (36 + -43).
10
What is 9 + (-5 - 4) + 10?
10
What is the value of 5 + (-14 + 3 - -5 - (2 - 0))?
-3
What is (7 - (-8 + 29)) + 21?
7
-2 + 1 - 1 - (32 + -22)
-12
Evaluate 13 + -33 - ((-18 - -30) + -8 + 1).
-25
(7 - (2 + 3)) + 6 + 2
10
What is the value of (12 - 15) + 12 - (-7 - (-7 + 3))?
12
Evaluate 3 - -2 - (-154 + 173).
-14
(-1 - 5) + -118 + 132
8
(11 - -8 - 9) + -4 - -11
17
(-17 - (2 - 4)) + (1 - 17 - -11)
-20
Calculate -2 + 6 - ((-5 - 8) + 1 + 0).
16
What is the value of -1 + -3 + 6 - 12?
-10
What is the value of -15 - (-10 + 19) - -34?
10
Evaluate (1 - 0) + 45 + -57 + 34.
23
Evaluate (0 - (1 - (-4 + -2 - 3))) + -4.
-14
-7 - -1 - (1 + 16 - 18)
-5
Evaluate 4 + (0 - -3 - 20) - -34.
21
Evaluate (26 - 27) + (-17 - -2) - (-1 - 0).
-15
What is 6 + 8 + -16 - -13?
11
What is 8 - (5 + -4 + -7)?
14
Calculate -21 + 24 + (-9 + 27 - 5).
16
What is the value of (20 - 38) + 0 + 4?
-14
What is the value of -2 - 49 - (1241 + -1256)?
-36
Calculate 0 + 29 + -1442 + 1408.
-5
What is -17 - (12 + -42 - -9)?
4
10 - (22 - (20 + -1))
7
What is 44 + -55 + (-1 - -4 - 0)?
-8
-3 - -17 - (-3 + 8 + -8)
17
What is the value of -13 - (-58 + (-27 - -57))?
15
What is the value of -331 - -336 - (3 - (-26 - 3))?
-27
Evaluate (9 - (-18 - -24)) + (-3 - 2) + 23.
21
(5 + 36 - 34) + (-2 - -27)
32
What is the value of (-6 - (15 + -2 + -4)) + 8?
-7
Evaluate -10 + 1 + -63 + 63 - -5.
-4
What is the value of (0 - (4 - (-1 + -6 + 12))) + -3?
-2
Calculate -1 + (-2 - 1 - -18) + -11.
3
What is the value of 0 + -4 + (1376 - 1404)?
-32
Calculate (-1 - (16 - -3)) + (197 - 192).
-15
What is the value of 1 - (-3 + 17 + -5 - (-2 + 7))?
-3
Calculate 15 + (9 - (16 + 3) - -1).
6
What is (32 - (4 + 7)) + -7 - 0?
14
(-20 - (-11 + -5)) + (0 - -6)
2
-6 + 6 + (23 - 9)
14
What is the value of 2 - (-2 + -11 - -5)?
10
Evaluate 3 + (2 - 7) + (-36 - -47).
9
What is 182 - 175 - (1 + 23) - (-5 + 2)?
-14
Calculate 3 + 0 + (-25 + 15 + -6 - -9).
-4
13 - ((1 - 4 - -6) + (8 - 12))
14
What is -3 + (21 - 42) + 24?
0
-22 - -4 - (-7 - 9)
-2
2 + (0 - 5) - (-6 + 4 + 9)
-10
What is the value of (-1 - 1) + (-20 - -17 - -11)?
6
What is -17 + (-10 - 9 - -1)?
-35
Calculate 14 + -8 + (-6 + -1 - (-3 - -1)).
1
What is the value of (14 - 9) + -14 + 12?
3
What is -46 - -44 - (1 - -7) - -26 - 10?
6
What is 20 + (-17 - -16) + 4?
23
(-858 - -838) + 10 + -1 + 10 + 0
-1
Calculate (49 - 59) + (16 - 0).
6
Evaluate (-6 - (1 - 8)) + 6.
7
Evaluate (-32 + 12 - -13) + 1.
-6
Calculate -2 - (7 - 9) - (7 + -11).
4
(5 + -6 - 5) + -5 + 5 - 4
-10
What is the value of (26 - -22) + -64 + -18?
-34
What is the value of -1 + -2 + (85 - 73)?
9
Calculate 25 + -16 + -4 + -7 - (-1 + 14).
-15
Calculate (2 - 15) + -2 + -22 + (72 - 62).
-27
Evaluate 42 + (-20 - (-26 - -17 - -2)).
29
Calculate 9 + -16 + 5 + (2 - -10).
10
What is (-13 - -11 - 8) + 2 + 28?
20
Evaluate -3 + 3 + 1 - (-7 - (3 + -6)).
5
Evaluate 6 - (-16 + 3 + -4).
23
-23 + 20 + 0 + -5 + (-6 - -4)
-10
Calculate 13 + -8 + -1 - (-1 + -22).
27
-9 + -4 + (5 - -16) + 10
18
What is the value of 3 - (20 + 9 + -33 - (-1 + -4))?
2
Evaluate -27 - ((-29 - -28) + -47).
21
Evaluate 3 - (-11 + (19 - 5)).
0
Evaluate -9 - ((2 - 0) + 403 + -419).
5
Evaluate -17 + 2 + -2 - (-38 + 35 - -2).
-16
What is -1 + (-14 - -25 - 15)?
-5
What is the value of 13 + -3 + 3 + -25?
-12
Evaluate 17 - (-4 + 20 - -4).
-3
What is 9 + 1 - (-3 + -1 + 10) - 1?
3
5 + -2 + (-12 - -16 - -5)
12
What is the value of 1 + -2 + 0 + (8 - 5) + -1?
1
Calculate (22 - (2 - -7)) + -13.
0
What is -17 + 8 + (-4 - (3 + 0) - -1)?
-15
Calculate -924 + 967 + (0 - 38).
5
What is the value of (-18 - (26 - 34)) + 17?
7
0 + 33 + -5 - (80 - 73)
21
What is 17 + -1 - (-9 - -4 - 0 - 5)?
26
What is -4 + -5 + -6 + 1?
-14
What is the value of 2 + (1 - -15 - (121 + -116))?
13
Evaluate 26 - (8 + (22 - -4)).
-8
What is the value of -10 + -2 + 6 + -4 + 153 + -110?
33
Evaluate 27 + (12 - (18 - -16)).
5
What is 7 - ((14 - (13 - 2) - -28) + -1)?
-23
Calculate -13 + 5 + (0 - -4) - -7.
3
Calculate 122 + -120 - (0 - (-2 - -1)).
1
What is the value of 5 + (-22 - -12 - -3) + (-9 - -2)?
-9
What is (-6 - (-2 - (0 - 0))) + 498 + -489?
5
Evaluate -3 + (-23 - -4 - (-2 - 6 - -9)).
-23
What is 11 - -26 - (65 - 63)?
35
-6 + (5 + -4 - -18)
13
Evaluate (-41 - (-3 + -7 + 4)) + 12 + -8.
-31
Calculate 3 - -1 - -3 - (-2 + -19 - -21).
7
What is (-9 - ((12 - 23) + -3 + 0)) + 5?
10
18 - (17 - 11 - -9 - 4)
7
Calculate -7 + (-5 + 0 - (0 + (-3 - -3))).
-12
-2 - 0 - (12 - (20 - 15))
-9
-43 - -41 - 8 - (3 + -1 + 1)
-13
184 + -205 + (0 - -19)
-2
What is the value of 6 + -2 + 1 - (0 + -10 + 9)?
6
Evaluate -46 - (-42 + -14) - (-1 - -9).
2
Evaluate -4 + 15 - (33 - (5 - -11)).
-6
What is 776 + -788 - (0 + -1 + -6)?
-5
What is 2 + -14 + (-16 - -1 - (5 + -8))?
-24
Evaluate -21 + 0 - (48 + -45).
-24
What is the value of 10 + -18 + 16 - (2 + (2 - 2))?
6
Evaluate 1 - (-2 + 5